*n - 3816. What is a(89)?
11
Let x(j) = -1441*j + 14430. Calculate x(10).
20
Let c(k) = -k**3 + 3*k**2 - 18*k + 235. What is c(6)?
19
Let n(a) = 43*a**2 + 642*a + 70. What is n(-15)?
115
Let v(s) = -7*s**2 + 2*s - 16. Calculate v(-2).
-48
Let n(f) = -966*f**2 - 4827*f + 17. Give n(-5).
2
Let c(z) = -3*z**2 + 192*z - 718. What is c(60)?
2
Let s(j) = 56*j + 371. Calculate s(-7).
-21
Let x(g) = 71*g + 88. Calculate x(-3).
-125
Let r(i) = 2*i**2 + 130*i - 240. Give r(-67).
28
Let p(t) = -t**3 - 8*t**2 + 39*t + 294. Determine p(-8).
-18
Let z(m) = -21*m**2 - m - 3. What is z(-3)?
-189
Let q(b) = 2*b**3 + 12*b**2 + 6*b - 15. What is q(-7)?
-155
Let b(u) = u**3 + 139*u**2 + 669*u + 1. Determine b(-5).
6
Let a(h) = 2200*h + 37393. Give a(-17).
-7
Let k(b) = -32*b + 32. Determine k(20).
-608
Let o(z) = -159*z - 7149. Calculate o(-45).
6
Let o(t) = t**3 - 12*t**2 + 16*t + 15. Calculate o(11).
70
Let u(d) = 8*d**2 + 13*d + 2. Determine u(-4).
78
Let o(y) = -2*y**3 - 32*y**2 + 3*y + 28. What is o(-16)?
-20
Let t(r) = 55*r + 9. What is t(1)?
64
Let o(c) = 2*c**3 - 23*c**2 + 20*c - 17. Give o(8).
-305
Let q(l) = -4*l**3 + 56*l**2 - 13*l - 46. What is q(14)?
-228
Let r(n) = 88*n + 613. Calculate r(-7).
-3
Let z(o) = -216*o - 3027. Calculate z(-14).
-3
Let r(n) = -n**3 - 38*n**2 + 71*n + 87. Determine r(-40).
447
Let n(m) = -95*m - 219. Give n(-14).
1111
Let o(v) = -357*v + 1778. What is o(5)?
-7
Let n(p) = p**3 + 103*p**2 + 380*p - 1581. Determine n(-99).
3
Let v(z) = -z**3 + 69*z**2 - 74*z + 385. Calculate v(68).
-23
Let r(u) = 12*u - 1219. Determine r(101).
-7
Let x(a) = -284*a + 1718. Determine x(6).
14
Let n(x) = 3*x**2 + 19*x + 16. Give n(6).
238
Let n(l) = l**3 - 66*l**2 + 192*l - 194. Calculate n(63).
-5
Let n(j) = -67*j + 619. Determine n(9).
16
Let h(x) = -7*x**2 - 37*x + 65. What is h(-7)?
-19
Let n(d) = -d**3 + 5*d**2 + 11*d - 27. Determine n(6).
3
Let r(m) = -633*m - 4328. Give r(-7).
103
Let p(n) = -n**2 + n - 93. Calculate p(6).
-123
Let f(z) = -2*z**2 + 71*z - 596. Determine f(9).
-119
Let h(s) = 14*s + 301. What is h(-21)?
7
Let p(z) = 2*z**2 - 4*z - 887. Calculate p(22).
-7
Let o(u) = -u**2 - u + 7. Determine o(5).
-23
Let s(x) = 303*x + 20932. Give s(-69).
25
Let d(g) = g**3 + g**2 - 29*g - 49. What is d(-5)?
-4
Let f(v) = -v**2 + 17*v + 259. Calculate f(-10).
-11
Let z(q) = -q**2 - 9*q - 6. Determine z(-14).
-76
Let s(l) = -379*l**2. Calculate s(-1).
-379
Let n(g) = -11*g**2 + 317*g - 4. Give n(29).
-62
Let f(v) = 95*v**2 - 1708*v - 7. Determine f(18).
29
Let i(o) = -o**3 - 24*o**2 - 73*o - 208. What is i(-21)?
2
Let o(x) = 3*x**3 + 23*x**2 - 9*x - 8. Determine o(-8).
0
Let w(r) = -r**3 - 30*r**2 - 180*r + 9. Calculate w(-22).
97
Let f(l) = -3*l**2 - 6*l - 160. What is f(-9)?
-349
Let b(t) = -9*t**3 - 71*t**2 - 31*t + 195. What is b(-7)?
20
Let i(k) = -3*k**2 - 213*k - 650. What is i(-66)?
340
Let m(d) = -8*d**2 - 107*d - 379. What is m(-4)?
-79
Let v(m) = 1128*m + 1011. Determine v(-1).
-117
Let y(f) = f**2 + 4*f - 70. Calculate y(-10).
-10
Let z(l) = 5*l**2 - 94*l + 32. Determine z(17).
-121
Let z(n) = 11*n + 16. What is z(-2)?
-6
Let s(p) = -146*p + 5096. Give s(35).
-14
Let s(u) = 852*u - 28904. Give s(34).
64
Let x(a) = a**3 + 78*a**2 + 48. Determine x(-78).
48
Let j(h) = -h**2 + 179*h + 8520. Calculate j(-39).
18
Let i(h) = -46*h + 378. What is i(9)?
-36
Let w(l) = -2177*l - 60944. What is w(-28)?
12
Let d(y) = y**2 + 32*y + 209. Calculate d(-16).
-47
Let u(m) = -m**2 + 34*m - 279. Determine u(16).
9
Let s(f) = 1439*f - 51804. Determine s(36).
0
Let i(x) = -19*x**3 - 551*x**2 - 28*x - 34. What is i(-29)?
778
Let a(x) = 2*x**2 - 217*x + 1593. Calculate a(100).
-107
Let i(x) = 18*x - 441. Give i(40).
279
Let t(b) = 13*b + 350. What is t(-24)?
38
Let f(i) = i**3 + 21*i**2 + 23*i + 166. What is f(-20)?
106
Let d(v) = 2*v**3 + 36*v**2 + 19*v + 341. Determine d(-18).
-1
Let w(s) = -199*s - 180. What is w(-1)?
19
Let a(k) = 3*k**3 - 11*k**2 - 12*k + 27. Calculate a(4).
-5
Let x(s) = s**3 - 40*s**2 + 29*s - 1161. Determine x(40).
-1
Let a(c) = 5*c**2 - 366*c + 3171. What is a(10)?
11
Let c(t) = t**3 + 4*t**2 - 7*t + 23. Give c(-5).
33
Let o(f) = -f**3 - 6*f**2 - 3*f + 38. Give o(-5).
28
Let a(f) = 4*f**2 - 20*f + 105. Calculate a(5).
105
Let l(p) = 135*p + 404. Determine l(-3).
-1
Let z(k) = k**3 - 9*k**2 - 34*k + 5. Determine z(13).
239
Let m(j) = -58*j - 1184. What is m(-22)?
92
Let q(k) = 13*k - 36. Give q(12).
120
Let x(o) = 3*o**3 + 21*o**2 + 82*o + 443. What is x(-6)?
59
Let z(f) = 14*f + 1476. Calculate z(-21).
1182
Let p(s) = 3*s**3 - 2*s**2 - s + 57. Determine p(0).
57
Let i(m) = -m**2 + 67*m + 160. What is i(69)?
22
Let i(b) = b**3 + 5*b**2 - 27*b + 102. What is i(-8)?
126
Let r(t) = t**3 + 26*t**2 - 111*t + 22. What is r(-30)?
-248
Let t(r) = 74*r - 2834. Give t(38).
-22
Let h(l) = -l**2 + 84*l - 20. Calculate h(83).
63
Let o(v) = v**2 + 2897*v + 83174. What is o(-29)?
2
Let z(u) = u**3 - 2*u**2 + 4*u - 22. What is z(0)?
-22
Let z(p) = 160*p + 55. Determine z(2).
375
Let x(o) = -101*o + 8597. Give x(85).
12
Let l(z) = -521*z + 3125. What is l(6)?
-1
Let l(q) = 2*q**2 + 16*q - 933. Give l(18).
3
Let o(a) = 115*a**2 + 14*a + 15. Determine o(-1).
116
Let w(b) = -24*b - 1151. What is w(-51)?
73
Let g(j) = j**2 + 97*j + 1987. Give g(-68).
15
Let f(b) = 3*b**2 - 14*b - 38. What is f(6)?
-14
Let u(l) = 94*l - 846. Calculate u(9).
0
Let b(y) = -3*y**3 + 31*y**2 - 90*y + 49. Calculate b(5).
-1
Let l(w) = -2*w**2 - 12*w - 17. Calculate l(-4).
-1
Let r(j) = 8*j**2 + 12*j + 8. Determine r(-7).
316
Let x(u) = -6*u**2 + 17*u + 32. What is x(4)?
4
Let v(z) = -259*z + 513. Give v(2).
-5
Let b(c) = -c**3 - 41*c**2 - 117*c - 110. Calculate b(-38).
4
Let q(y) = -152*y - 7683. What is q(-51)?
69
Let x(u) = -24*u**2 - 193*u - 5. Determine x(-8).
3
Let q(r) = -3*r**3 - 719*r**2 - 1191*r - 226. Give q(-238).
12
Let g(c) = c**3 + 7*c**2 + 5*c + 359. Calculate g(-10).
9
Let i(c) = 14*c**2 - 106*c + 11. Calculate i(8).
59
Let u(x) = -x**3 - 3*x**2 + 11*x + 6. Determine u(0).
6
Let x(p) = -10009*p - 60052. Determine x(-6).
2
Let q(k) = 93*k + 521. Determine q(-6).
-37
Let b(v) = -12*v + 74. What is b(-9)?
182
Let s(v) = v**2 - 247*v - 3329. Calculate s(-13).
51
Let o(f) = 1207*f - 14478. Determine o(12).
6
Let v(l) = -l**3 + 25*l**2 + 23*l + 17. Give v(26).
-61
Let c(f) = -327*f + 5541. What is c(17)?
-18
Let s(a) = 2*a**3 + a**2 - 20*a + 67. Calculate s(5).
242
Let k(s) = 2*s**3 + 20*s**2 - 15*s + 15. Determine k(-11).
-62
Let l(j) = 148*j - 126. Give l(-2).
-422
Let i(n) = n**2 - n - 79. Give i(-9).
11
Let j(s) = -6*s**2 + 17*s + 85. Calculate j(-4).
-79
Let v(i) = -3*i**2 + 14*i - 18. What is v(6)?
-42
Let r(w) = 139*w - 3610. Calculate r(26).
4
Let d(l) = -405*l - 25519. Determine d(-63).
-4
Let r(p) = -2*p**3 - 15*p**2 + 11*p + 27. Calculate r(-8).
3
Let l(c) = 27*c - 1095. Calculate l(43).
66
Let i(c) = 2*c + 30. What is i(-10)?
10
Let b(t) = t**3 - 66*t**2 + 142*t - 776. Determine b(64).
120
Let o(q) = -4*q**2 - 313*q - 4499. Determine o(-19).
4
Let y(u) = u**3 - 73*u**2 - 67*u - 435. Calculate y(74).
83
Let w(m) = -7*m + 584. Determine w(82).
10
Let y(a) = 2*a**2 - 74*a + 450. Calculate y(6).
78
Let i(j) = -18*j + 100. What is i(4)?
28
Let x(d) = -4*d**2 - 148*d - 403. Calculate x(-3).
5
Let c(b) = -b**2 + 43*b - 64. Calculate c(43).
-64
Let v(s) = 241*s + 22172. Give v(-92).
0
Let f(j) = -39*j**2 + 322*j - 336. What is f(7)?
7
Let f(m) = 31*m**2 + 31*m + 3. Calculate f(-1).
3
Let m(x) = -2*x + 19. Determine m(6).
7
Let s(g) = -61*g + 1109. What is s(17)?
72
Let l(v) = -3*v**2 - 304*v + 603. Determine l(2).
-17
Let u(l) = -4*l**2 - 34*l - 34. Give u(-5).
36
Let m(n) = -597*n - 2925. What is m(-5)?
60
Let y(t) = 5*t**2 - 87*t - 1297. Determine y(27).
-1
Let x(o) = -2*o**3 - 59*o**2 - 129*o - 4783. Determine x(-30).
-13
Let t(s) = -s**2 - 1028*s - 2. Determine t(0).
-2
Let d(p) = -3*p**3 - 3*p**2 + 12*p - 50. Determine d(3).
-122
Let g(p) = -2*p**3 + 7*p**2 + 11*p - 3. Calculate g(0).
-3
Let c(l) = -l**2 + 30*l + 1859. Calculate c(-31).
-32
Let y(j) = 13*j**2 - 64*j + 8. What is y(5)?
13
Let t(s) = -4*s**2 - 102*s - 497. Determine t(-17).
81
Let r(f) = f**2 - 36*f + 261. Calculate r(26).
1
Let u(p) = 2*p**2 - 46*p - 1794. What is u(44)?
54
Let o(